 factor of 100 and v?
20
Let c be -16*((-26)/24 + (-21)/(-63)). Calculate the greatest common factor of c and 132.
12
Let k(v) = 38*v - 22. Let w(j) = -19*j + 11. Let l(t) = -2*k(t) - 5*w(t). Let x be l(4). Calculate the highest common factor of x and 5.
5
Let l be (1/(-2) - 0)*-10*13. Suppose 0 = -t + 5*y + 45, 20 = 3*t - 5*y - l. What is the highest common factor of t and 30?
10
Let f be (12/4 - 7)/(-2). Suppose 2*g + 4 = -f*j, 4*g - 5*g - 4*j = 8. Suppose g = -4*b + b + 21. What is the highest common divisor of 56 and b?
7
Let o(m) = -10*m - 24 + 0 - 15. Let q be o(-6). Calculate the greatest common factor of 35 and q.
7
Let q = 1079 + -1042. Calculate the greatest common factor of 2923 and q.
37
Let w(s) = 49*s**3 + 3*s - 2. Let g be w(1). Suppose 18 = 4*p - 2. Suppose 0 = -p*l + 13 + 87. What is the highest common divisor of l and g?
10
Suppose -7*f - f = -16. Suppose 4*p = d + f*d - 192, 0 = -2*d - 5*p + 105. Calculate the highest common divisor of 12 and d.
12
Suppose -w + 430 = t, 2*w = 12*t - 8*t + 854. Let p = -57 - -96. Calculate the greatest common divisor of p and w.
39
Suppose 4*a + 256 = 8*a. Calculate the highest common factor of a and 40.
8
Suppose -255*k + 261*k = 102. Calculate the greatest common divisor of k and 833.
17
Suppose k = -c + 2, 2*c = 2*k - k + 1. Suppose 5*j + k = 11. Let o be 16 + j - (4 + -1). Calculate the highest common factor of o and 105.
15
Suppose -2*i - j = -2636, 0 = -2*i + j + j + 2624. What is the highest common divisor of 28 and i?
28
Let o be 20/3*(1 + -7). Let y = 59 + o. Suppose 8815 = 9*l + 8302. What is the greatest common divisor of y and l?
19
Suppose -4*d - 6743 = -3*i - 8*d, -4*i - 5*d = -8991. Calculate the highest common divisor of 13 and i.
13
Suppose -5 = -5*w, 5*s = s + 3*w + 753. What is the greatest common divisor of s and 108?
27
Suppose -5*u + 598 = -142. What is the highest common divisor of 4 and u?
4
Let j(z) = z**3 - 23*z**2 - 107*z - 3. Let b be j(27). Suppose 16 = 2*l - l. Calculate the highest common factor of b and l.
8
Let m = 65 + -38. Let f = -68 - -71. Calculate the greatest common divisor of m and f.
3
Let r be (-13 - -14)*(104 - -1). Suppose -3*l + 17 = -5*q - 11, 0 = -4*l - 5*q - 21. Let n be 4*l/4 + 14. Calculate the greatest common divisor of n and r.
15
Let c = 826 + -771. What is the greatest common factor of 5 and c?
5
Let c be 3/(30/(-68))*-5. Let k = 991 + -719. Calculate the highest common divisor of c and k.
34
Suppose 0 = 2*x - 5*n - 208 + 58, -3*n + 86 = x. Calculate the greatest common factor of x and 128.
16
Suppose -2296 = -8*r + 1448. What is the highest common factor of 36 and r?
36
Let u = 12 + 12. Suppose 4*w - 2*h = 1048, -w + 260 = -2*h + h. What is the highest common factor of w and u?
24
Let t be (16/(-6) - -4)*33. What is the greatest common divisor of t and 55?
11
Let n = 12 - 7. Let y(z) = -z**3 - 7*z**2 - z - 33. Let p be y(-6). Let t = -62 - p. What is the greatest common factor of t and n?
1
Let n be 26 + (-15)/(-4) + (-5)/(-20). Calculate the highest common factor of n and 10.
10
Let r = -273 - -308. What is the greatest common divisor of r and 595?
35
Let r be (-22 - 1)/(3/(-3)). Let f be (6 - 1687/(-14))*2. What is the greatest common divisor of f and r?
23
Suppose 4*y - 43 = -3*g, 4*y - 3*g = -y + 20. Calculate the greatest common divisor of 35 and y.
7
Suppose 882 = -197*h + 206*h. What is the highest common factor of h and 8?
2
Suppose 5*b = 4*y - 6*y - 22, y = -4*b - 8. Let r = y - -22. What is the greatest common factor of 27 and r?
3
Let x(k) = k**3 - 20*k**2 + 42*k + 40. Let t be x(18). Calculate the highest common factor of t and 4.
4
Let l be (-12147)/(-18) + 7/42. What is the greatest common divisor of 25 and l?
25
Let n be 2537/13 + (-10)/65. Let u be (-156)/16*(-2 - (-2)/(-1)). Calculate the greatest common divisor of n and u.
39
Suppose 5*a - 28 = s, -5 = 2*a - 3*s - 24. Let h(g) = g**2 + 7*g + 2. Let d be h(-7). Suppose 51 = -d*c + a*c. Calculate the greatest common factor of c and 85.
17
Suppose -260*l + 290*l = 39960. What is the greatest common divisor of l and 12?
12
Suppose 72*h = -70181 + 199205. What is the greatest common divisor of 32 and h?
32
Let b(c) = -10*c**3 - 1. Let f be b(-1). Suppose -4*i = -3*i - f. Let j = 116 + -53. Calculate the highest common factor of i and j.
9
Let g(d) = 2*d**2 + 19*d - 10. Suppose -8 = 2*x + 14. Let u be g(x). What is the greatest common divisor of u and 69?
23
Let u be (-10)/3 + 4/(-6). Let l be (-60)/450 - (-452)/15. Let b = l + u. Calculate the greatest common divisor of b and 78.
26
Let k(b) = 3*b + 167. Let c be k(36). What is the greatest common factor of 22 and c?
11
Let q be ((-88)/(-2))/(-2)*34/(-4). What is the highest common factor of 17 and q?
17
Let j(u) = -3*u**2 + 120*u - 72. Let z be j(38). Calculate the highest common factor of z and 13.
13
Let g(d) = 4*d - 11. Let o be g(3). Let a be ((-12)/10)/(o/(-65)). What is the highest common divisor of 6 and a?
6
Suppose 4*z + a + 112 = -28, 0 = 2*z - 2*a + 60. Let s = z - -456. Let p be s/7 - (-4)/(-14). What is the highest common factor of 24 and p?
12
Let y(p) = -8*p - 23. Let l be y(-10). What is the greatest common factor of 3 and l?
3
Let p = -270 - -543. What is the highest common divisor of p and 78?
39
Suppose -3*w + 15 = -2*w. Let h = 87 - w. Calculate the highest common factor of h and 24.
24
Suppose 0 = 2*z - 84 + 462. Let m = z + 109. Let l = m + 164. Calculate the highest common divisor of l and 12.
12
Let o = -78 + 130. Calculate the highest common factor of o and 494.
26
Let l(f) be the second derivative of f**4/3 - f**3/3 - 2*f**2 + 10*f. Let d be l(-7). Let b = d - 19. What is the greatest common factor of b and 17?
17
Let w(b) = 2 + 1 - 2*b - 25 + 10. Let m be w(-11). What is the greatest common divisor of 15 and m?
5
Let f(y) = -9*y**3 - y**2 + 2. Let l be f(-1). Calculate the greatest common divisor of 230 and l.
10
Suppose 0 = 36*a - 33*a - 4050. Calculate the highest common factor of 50 and a.
50
Let n(r) = 23*r - 10. Let c(b) = -11*b + 5. Let i(v) = 13*c(v) + 6*n(v). Let t be i(-5). Let a = 66 - t. What is the highest common factor of a and 9?
9
Let q = -56 + 49. Let i(j) = 18*j**2 + 1. Let y be i(2). Let s = q + y. Calculate the greatest common factor of s and 6.
6
Suppose u - 7*q - 56 = -4*q, -3*u = 2*q - 168. What is the greatest common factor of u and 252?
28
Let j = -665 - -1498. What is the highest common factor of j and 17?
17
Let x(h) = 2*h**2 - 5*h - 24. Let w = 47 + -41. Let p be x(w). Let g(q) = -3*q**3 - 3*q - 3. Let t be g(-2). What is the greatest common factor of t and p?
9
Suppose 7*q - 20 = 3*q. Suppose d + q = 18. Let x = 15 + -2. Calculate the greatest common divisor of x and d.
13
Let l(q) = -8*q - 4. Let v be l(-1). Suppose -3*r - 39 = -6*j + j, 2*r + 32 = v*j. What is the highest common factor of 81 and j?
9
Let y(j) = -j**2 + 8*j + 7. Let w be y(9). Let c be 24/18*(-15)/w. Calculate the greatest common divisor of 2 and c.
2
Let q be (-464)/(-7) - 268/938. What is the highest common divisor of 2112 and q?
66
Let g = -1 + 5. Suppose u - g*u + 24 = -4*r, 2*r + 24 = 3*u. Let m be (u/20)/(2/70). Calculate the highest common divisor of 126 and m.
14
Let a(z) = z**2 - 11*z - 10. Let p be a(15). Suppose k = 3*k - 10, x = -2*k + 460. Calculate the greatest common factor of x and p.
50
Suppose 608 = 4*z - 212. What is the greatest common divisor of 82 and z?
41
Suppose x + 2*x = 63. Let a = 29 - x. Suppose -64 = 4*l - 8*l. Calculate the greatest common factor of a and l.
8
Let t = 86 + 17. Let i = t + -64. Calculate the greatest common factor of 13 and i.
13
Let d be 8*(2 + 0 - -14). Suppose 2*h - d = -6*h. What is the greatest common divisor of h and 64?
16
Suppose k = d + 68, 34*k - 31*k = 2*d + 200. What is the highest common divisor of 800 and k?
32
Let u = 179 + -91. Let c be 2/3 - u/(-3). Suppose -4*t + 33 = 5*o, -2*t - 2*t = 2*o - 42. Calculate the greatest common divisor of t and c.
6
Let a = -157 + 162. Calculate the greatest common divisor of a and 95.
5
Let n(f) = -f**3 - 2*f**2 + 3*f + 2. Let w be n(-3). Suppose -3 = s - 1, -5*s = w*i - 134. Calculate the greatest common factor of 24 and i.
24
Let f(b) = 15*b + 79. Let n be f(11). Calculate the highest common factor o